= -5*x - 4*m, 2*x + m = f*m + 26. What is the units digit of x?
1
What is the units digit of -9 + (26704 - (2 + -22))?
5
Suppose 783632 = -55*q + 123*q. What is the thousands digit of q?
1
Suppose 5*r - 1124 = r. Let l(a) = 4*a**2 - 6*a - 6. Let n be l(11). Let s = n - r. What is the tens digit of s?
3
Suppose -4*g + 1054 + 78 = 0. Suppose 4*r - 4*z - 1052 = 0, -7*r + 8*r - g = -4*z. What is the units digit of r?
7
Suppose -26289 + 282212 = 33*d - 110179. What is the ten thousands digit of d?
1
Suppose -1941*z = -1935*z - 22206. Suppose -13*f + z = -9819. What is the tens digit of f?
4
Suppose -9*a + 5 = -8*a. Suppose a*u = 5*g + 2151 + 1064, 2*u = g + 1285. What is the tens digit of u?
4
Let i(t) = -32*t**3 - 4*t**2 - 7*t + 33. What is the tens digit of i(-6)?
4
Suppose -12 + 12 = -4*d. Suppose d = 2*f + 3 + 7. What is the tens digit of (62/(-10) - -4)*f?
1
Suppose -2*m + 361 = -259. Let r = -435 + m. What is the hundreds digit of (r/(-5))/(-2 + 11/5)?
1
What is the hundreds digit of (114*(-377)/(-104))/((-1)/(-48)*2)?
9
Let l(v) = 2*v**3 - 109*v**2 + 70*v - 40. What is the hundreds digit of l(54)?
8
Let h = -11837 - -19685. What is the hundreds digit of h?
8
Let c(a) = 48*a - 8. Let v be 5/(-5)*-1*2. What is the units digit of c(v)?
8
Let z(k) = -5*k - 118. Let c be z(-23). What is the tens digit of -2 - (-2225)/(-15)*c?
4
Suppose -2*q + 2*c + 24062 = 0, 2*q - 3*c + 0*c - 24056 = 0. What is the hundreds digit of q?
0
Suppose 20*h - 219277 = 9303. What is the thousands digit of h?
1
Let o(t) = 6*t - 53. Let r be o(8). Suppose -2*d = 2*l + 3*l - 24, -2*l = -8. What is the units digit of 106 + r + -6 + d?
7
What is the thousands digit of -2 - (-7 + 8) - 2/(4/(-34914))?
7
What is the thousands digit of (62510/(-15) + 5)*(-6)/2?
2
Let w(d) = d**2 - d. Let u(m) = -m**2 + 13*m - 37. Let s be u(9). Let n be w(s). Suppose -k + n*t - 1 + 3 = 0, -2*k + 5*t = 1. What is the units digit of k?
2
Suppose 107539 = 4*w - 5*p, 4*p + 53762 = -49*w + 51*w. What is the tens digit of w?
9
Let b(r) = -r**2 + 12*r - 49. Let j be b(12). Suppose y + 25 = -2*x, -4*x + 2*y - 59 = y. Let n = x - j. What is the tens digit of n?
3
Let w be 3/(-10) - (-13428)/360. Suppose w*a - 2778 - 9062 = 0. What is the hundreds digit of a?
3
Let r(y) be the first derivative of -7*y**2 + 34*y - 37. Let u be r(-16). Let v = 529 - u. What is the hundreds digit of v?
2
Suppose 17*o + y = 19*o - 56, -3*o = -2*y - 83. Suppose -3067 - 9722 = -o*k. What is the hundreds digit of k?
4
Let h(q) = 95*q**2 + 90*q - 1110. What is the tens digit of h(11)?
7
Let g = -83 - -82. What is the tens digit of ((-24)/(-7))/((-6)/(336*g))?
9
Suppose 0 = 3*x - 3 - 9. Suppose x*o = 23 - 15. Suppose 0 = b, 6*g = 3*g - o*b + 429. What is the hundreds digit of g?
1
Let p = 95 + -98. Let x(a) = -22*a**3 + 2*a**2 - 3*a - 17. What is the hundreds digit of x(p)?
6
Let i be -48*(6 + (-1840)/30). Let o = i - 1693. What is the tens digit of o?
6
Let s = 8376 + -3209. What is the units digit of s?
7
Let t be (-4)/10 - (-11858)/(-55). Let k = t - -599. What is the hundreds digit of k?
3
Let o = 261 - 258. Suppose -o*k - 19440 = -27*k. What is the hundreds digit of k?
8
Let i(z) = -3*z - 38. Let a be i(-18). Let r = a - 8. What is the tens digit of (-20)/r*4*-2?
2
What is the tens digit of ((-10)/(220/759) + 6)*(-1868)/3?
4
What is the tens digit of (-54)/(-117) - 2686432/(-208)?
1
Let f(u) = u**2 - 497*u + 496*u + 4 + 16*u**3 + 2. Let z be f(-3). Let c = -285 - z. What is the hundreds digit of c?
1
Let z = -30534 - -43500. What is the ten thousands digit of z?
1
Suppose 4*f + 3*l - 897 = 0, 12 + 13 = -5*l. Let d = f + -38. What is the tens digit of d?
9
Suppose 0 = q - 278 + 31. Suppose -q + 1447 = 20*k. What is the units digit of k?
0
Suppose -11*f = -f - 254867 + 49227. What is the tens digit of f?
6
What is the units digit of -1 - ((-49)/14 + (-42231)/6)?
1
Let z(v) be the second derivative of -98*v**3/3 - 13*v**2 + 84*v. What is the units digit of z(-5)?
4
Suppose -89160 = -4*l + 5*s + 220635, 3*l - s - 232327 = 0. What is the thousands digit of l?
7
Suppose 0 = -1549*d + 1550*d - 2, 4*d = 3*z - 1588. What is the tens digit of z?
3
Let k(b) = 4*b**2 - 24*b + 46. Let m be k(7). Suppose -t + 108 = -m. What is the hundreds digit of t?
1
Let m be (-595)/(-15) + (-1)/6*4. Let s = 71 + 2. Let q = s - m. What is the units digit of q?
4
Suppose -21*h + 812067 - 194646 = 0. What is the hundreds digit of h?
4
Let k = 1054 + 333. What is the thousands digit of k?
1
Suppose b = -2*d + 34676 + 12026, 4*d - 3*b - 93424 = 0. What is the tens digit of d?
5
Suppose -3*f + 62595 - 9126 + 20823 = 0. What is the units digit of f?
4
Let a(q) = 115*q**3 + 131*q - 530. What is the thousands digit of a(4)?
7
Let a be (-2 - 3/(-1))/(-1) + -670. Let p = a + 918. What is the tens digit of p?
4
Let p = 80 - 61. Suppose -55*i + 41580 = -p*i. What is the thousands digit of i?
1
Suppose f + 4*v - 17617 = 0, -108*v - 70588 = -4*f - 104*v. What is the units digit of f?
1
Let c = 102 + -106. Let a be 7*(c/(-2))/2. Suppose 9*u - a*u - 266 = 0. What is the tens digit of u?
3
Let q(g) = 9*g**2 - g + 2. Let b be q(1). Suppose -15*m + b*m = 270. Let n = m - -88. What is the tens digit of n?
3
Let r = 653 - 625. Suppose r*i - 32*i + 2004 = 0. What is the hundreds digit of i?
5
Let w = 118 + -133. Suppose q - 2*y - 155 = 3*y, -141 = -q - 2*y. Let x = w + q. What is the tens digit of x?
3
Suppose 156*f - 2454078 = -50*f + 1638318. What is the ten thousands digit of f?
1
Suppose -3*c - 3*r + 91827 = 0, 7*r = 9*r + 2. What is the units digit of c?
0
What is the hundreds digit of 156143998/6346 + (-4)/38 + 0?
6
Let d(v) = 9*v**2 + 83*v + 1192. What is the thousands digit of d(-31)?
7
Let p = 50 - 50. Let a be (2 + -3)/(p - -1)*-136. Let s = a - 92. What is the tens digit of s?
4
Suppose -41*b - 110 = -30*b. What is the units digit of b/(-80) + (715/8)/5?
8
Suppose m - 2*d = 179, -29 + 5 = 4*d. What is the hundreds digit of m?
1
Let n(j) = 2*j**3 + 3*j**2 - 79*j + 27. What is the tens digit of n(18)?
4
Let v = 90 - -199. Suppose -3*j = -f + v - 800, 5*f - 656 = -4*j. What is the hundreds digit of j?
1
Suppose 2*t + 48 = 10*t. What is the units digit of (4/4)/(t/102)?
7
Let p(a) = -a**3 + 4*a**2 - 6*a + 13. Let w be p(3). Suppose 0 = -w*i + 1447 + 805. What is the hundreds digit of i?
5
Let y = -577 - -571. What is the thousands digit of ((-2402)/3)/(0 + 4/y)?
1
Let h = 180 + -137. Suppose -3*f = h*f - 28750. What is the units digit of f?
5
Let a be ((-2)/(-6))/((-4)/(-84)). Suppose -3*h = 4*r - a, 2*h - 7*h + 4*r + 33 = 0. What is the units digit of (-358)/(-3) - h/((-75)/10)?
0
Suppose -u = 4*d + 69, 5*u - 2*d - 66 = -301. Let t = 49 + u. What is the units digit of (-5)/(-5)*(0 + 37) + t?
7
Let z = 2261 + -4500. Let p = 3271 + z. What is the units digit of p?
2
Let q(l) be the third derivative of l**6/120 + 2*l**5/15 + 2*l**3 - 4*l**2. Suppose 5*v - i = -38, 8*v + 3*i + 19 = 4*v. What is the tens digit of q(v)?
6
Suppose r - 4*p + 0 + 4 = 0, -3*r = -3*p - 6. Suppose 0 = -j + 3*h + 1, 0 = -r*h + 2*h + 4. Suppose w - j*w = -438. What is the units digit of w?
3
Let n(d) be the first derivative of -1/3*d**3 - 17 - 9/2*d**2 - 6*d. What is the tens digit of n(-6)?
1
Let n be (2131/(-4))/(2/(-8)). Let p = n + -1394. What is the hundreds digit of p?
7
Suppose -6 = -2*h - c, -3 + 0 = -h + c. Suppose -h*z + 683 - 149 = 0. What is the tens digit of z?
7
Let n = 8921 - 2735. What is the hundreds digit of n?
1
Let i(m) = -m**2 + 36*m - 52. Suppose 6*l = 5*l + 4. Suppose 0 = -5*o + 2*s + 35 + 106, -37 = -o - l*s. What is the hundreds digit of i(o)?
1
Let k(z) = -z - 5. Let s be k(-1). Let u(i) = -i**2 - 2*i + 8. Let h be u(s). Suppose h = -4*w + t + 470, 3*w = t + 435 - 82. What is the units digit of w?
7
Let c be (-1)/1 + 0/8 - 1. Let l be c/(-1) - (3 + (2 - 142)). Let g = l - 94. What is the tens digit of g?
4
Let x(y) = -y**2 - 9*y + 18. Let b(u) = 2*u**2 + 9*u - 18. Let t(r) = 2*b(r) + 3*x(r). Let g be (-42)/(-126) + 26/3. What is the units digit of t(g)?
8
Suppose -6*w = -8*w - 4, 0 = -3*z - 3*w - 2451. Let y = 0 - 1. What is the hundreds digit of (z/(y - -6))/(-1)?
1
Suppose 3*u + 279777 = 20*u - 44362. What is the thousands digit of u?
9
Let t be ((-11494)/(-3))/((-